{"id":538,"date":"2021-01-15T20:37:30","date_gmt":"2021-01-15T18:37:30","guid":{"rendered":"https:\/\/fil-promootio.helsinki.fi\/?page_id=538"},"modified":"2022-04-14T14:54:16","modified_gmt":"2022-04-14T11:54:16","slug":"anmalning","status":"publish","type":"page","link":"https:\/\/fil-promootio.helsinki.fi\/2022\/sv\/anmalning\/","title":{"rendered":"Anm\u00e4lning"},"content":{"rendered":"\n<p><strong>Anm\u00e4lningen har st\u00e4ngts.<\/strong><\/p>\n\n\n\n<p>Ut\u00f6ver denna sida l\u00f6nar det sig att bli bekant med \u00e5tminstone f\u00f6ljande sidor innan du anm\u00e4ler dig:<\/p>\n\n\n\n<ul class=\"is-style-tw-border-inner wp-block-list\"><li><strong><a href=\"https:\/\/fil-promo-22.it.helsinki.fi\/2022\/sv\/vad-promotion\/\" data-type=\"page\" data-id=\"549\">Vad \u00e4r promotion?<\/a><\/strong><\/li><li><strong><a href=\"https:\/\/fil-promo-22.it.helsinki.fi\/2022\/sv\/kladsel-och-etikett\/\" data-type=\"page\" data-id=\"562\">Kl\u00e4dsel och etikett<\/a><\/strong><\/li><li><strong><a href=\"https:\/\/fil-promo-22.it.helsinki.fi\/2022\/sv\/kostnader\/\" data-type=\"page\" data-id=\"536\">Kostnader<\/a><\/strong><\/li><li><strong><a href=\"https:\/\/fil-promo-22.it.helsinki.fi\/2022\/sv\/evenemangsprinciper\/\" data-type=\"page\" data-id=\"540\">Evenemangsprinciper<\/a><\/strong><\/li><li><strong><a href=\"https:\/\/fil-promo-22.it.helsinki.fi\/2022\/sv\/vem-kan-delta\/\" data-type=\"page\" data-id=\"542\">Vem kan delta?<\/a><\/strong><\/li><\/ul>\n\n\n\n<p><strong>Vem kan delta<\/strong><\/p>\n\n\n\n<p>I Helsingfors universitets filosofiska fakultetens promotion 2022 kan delta alla personer som har avlagt sina magister-, provisors- eller doktorsexamina vid humanistiska, matematisk-naturvetenskapliga, bio- och milj\u00f6vetenskapliga, pedagogiska, beteendevetenskapliga eller farmaceutiska fakulteten som utexamineras senast 31.7.2021, och som tidigare inte promoverats vid filosofiska fakultetens promotion. Man kan inte vara promovend f\u00f6r den samma examen tv\u00e5 g\u00e5nger. Ocks\u00e5 promovendernas avec kan delta i promotionen.<\/p>\n\n\n\n<p>Promovender som promoverades till magistrar eller doktorer under Helsingfors universitetets filosofiska fakultetens promotion 1973 och vars examen var godk\u00e4nd f\u00f6re 31.7.1971 kan delta i promotionen 2022 som jubelmagistrar eller -doktorer. Eftersom det inte fanns en promotion i 1971 har promotionen 2022 ingen egentligen jubelpromotion, och d\u00e4rf\u00f6r kan de magistrar och doktorer som har avslutat sina examina senast den 31 juli 1971 delta som jubelmagistrar och -doktorer.<\/p>\n\n\n\n<p>Promovenderna kan delta i promotionen ensam eller med en avec. Avecen beh\u00f6ver inte vara en promovend. Avecen kan till exempel vara en v\u00e4n, partner eller familjemedlem.<\/p>\n\n\n\n<p><strong>Viktig information om anm\u00e4lning<\/strong><\/p>\n\n\n\n<p>Varje magister- och doktorpromovend m\u00e5ste anm\u00e4la sig separat. Om avecen inte sj\u00e4lv \u00e4r en promovend kan henanm\u00e4la sig p\u00e5 samma anm\u00e4lningsblankett. Anm\u00e4lningsblanketten b\u00f6r l\u00e4sas noggrant och det l\u00f6nar sig att reservera cirka 30 minuter tid f\u00f6r att fylla i den. Anm\u00e4lningsblanketten samlar in den information som beh\u00f6vs f\u00f6r att organisera evenemanget samt informationen f\u00f6r matrikeln.<\/p>\n\n\n\n<p>Anm\u00e4lningen \u00e4r bindande och avgiften m\u00e5ste betalas i samband med anm\u00e4lningen. Efter anm\u00e4lningen f\u00e5r du en bekr\u00e4ftelse till den e-postadress du har angett i anm\u00e4lningsblanketten. Du kan g\u00f6ra \u00e4ndringar i din anm\u00e4lning via l\u00e4nken som skickas till dig i bekr\u00e4ftelsen s\u00e5 l\u00e4nge anm\u00e4lningstiden p\u00e5g\u00e5r.<\/p>\n\n\n\n<p>Promotionens festutrymmen &nbsp;m\u00e5 begr\u00e4nsa deltagarantalet. Ifall det finns fler anm\u00e4lda \u00e4n vad utrymmena till\u00e5ter, v\u00e4ljas deltagarna enligt den ordning de anm\u00e4lt sig.<\/p>\n\n\n\n<p>Promotionskommitt\u00e9n \u00e4r en grupp av frivilliga som ansvarar f\u00f6r att organisera promotionen, och kommitt\u00e9n best\u00e5r av magister- och doktorpromovender. Kommitt\u00e9n kommer att f\u00f6lja noga situationen med coronapandemin f\u00f6re och under ordnandet av detta evenemang. Beslut om evenemanget kommer att baseras p\u00e5 rekommendationerna fr\u00e5n Helsingfors universitet och h\u00e4lsov\u00e5rdsmyndigheterna. Promotionen anordnas under v\u00e5ren 2022 endast om pandemisituationen till\u00e5ter det. Planen \u00e4r att veta om evenemanget kan organiseras n\u00e4r anm\u00e4lningen \u00f6ppnas.<\/p>\n\n\n\n<p><strong>Efter anm\u00e4lningen<\/strong><\/p>\n\n\n\n<p>I samband med anm\u00e4lan b\u00f6r promovenderna skicka promotionskommitt\u00e9n en kopia av examensbetyget som bevis p\u00e5 sin r\u00e4tt att delta i promotionen. Jubelmagistrar och -doktorer beh\u00f6ver inte skicka en kopia av sitt examensbetyg.. <\/p>\n\n\n\n<p>Kopian av betyget kan personligen f\u00f6ras till promotionskansliet under \u00f6ppettiderna eller s\u00e4ndas per post eller e-post. Kopian av examensbetyget b\u00f6r man l\u00e4mna in s\u00e5 snart som m\u00f6jligt efter att ha fyllt i anm\u00e4lningsblanketten. &nbsp;<\/p>\n\n\n\n<p>Promotionskansliets plats och \u00f6ppertider ska publiceras i 2022. Promotionskommitt\u00e9ns e-postadress \u00e4r fil-promootio@helsinki.fi.<\/p>\n\n\n\n<p><strong>Kommunikation till de anm\u00e4lda<\/strong><\/p>\n\n\n\n<p>Information om promotionen skickas till deltagare per e-post till den adress som angivits vid anm\u00e4lningen. D\u00e5 anm\u00e4lningstiden l\u00f6pt ut kommer promotionskommitt\u00e9n att skicka alla anm\u00e4lda ett informationsblad, d\u00e4r vi ber\u00e4ttar om allt som promovenden b\u00f6r veta vid deltagande. Informationsbladet inneh\u00e5ller bland annat detaljer kring de olika delevenemangen. Det l\u00f6nar sig att b\u00f6rja f\u00f6rbereda sig f\u00f6r evenemanget i god tid, och vi rekommenderar ocks\u00e5 att deltagare bekantar sig med informationen p\u00e5 promotionens webbsida. P\u00e5 webbsidan finns alla r\u00e5d samlade f\u00f6r promovendernas, avecernas och g\u00e4sternas kl\u00e4dsel f\u00f6r varje enskilt evenemang under promotionsfestligheterna samt allm\u00e4nna r\u00e5d som b\u00f6r beaktas.<\/p>\n\n\n\n<p>Promotionens informationstillf\u00e4lle ordnas fredagen den 22 april 2022 kl. 16.00-18.00 i Solennitetssalen i Helsingfors universitets huvudbyggnad (Unionsgatan 34, ing\u00e5ng fr\u00e5n Senatstorget. Hinderfri ing\u00e5ng via Universitetsgatan 2).<\/p>\n\n\n\n<p><strong>Matrikeln&nbsp;<\/strong><\/p>\n\n\n\n<p>Promotionskommitt\u00e9n redigerar ocks\u00e5 en matrikel \u00f6ver de magistrar och doktorer som promoveras, b\u00e5de n\u00e4rvarande och fr\u00e5nvarande. Personuppgifterna f\u00f6r matrikeln fylls i anm\u00e4lningsblanketten i samband med anm\u00e4lningen p\u00e5 svenska, finska eller engelska.<\/p>\n\n\n\n<p>Den egna matrikeltexten finns till p\u00e5seende f\u00f6r granskning i promotionskansliet n\u00e4r anm\u00e4lningstiden tagit slut. Om du inte kan komma till kansliet kan vi ocks\u00e5 skicka din egen text via e-post.<\/p>\n\n\n\n<p><strong>Exempel \u00f6ver en slutgiltig markering i matrikeln<\/strong><br>LINDSTR\u00d6M, Gustav Efraim. * 10.3.1985 Eken\u00e4s, NN.<strong> FLDR <\/strong>Frans Albert Lindstr\u00f6m samt med.lic. Ulla Catarina Cecilia Lindstr\u00f6m (f. Ekberg)<strong> GIFT<\/strong> M. jur.dr. Charlotta Victoria Lindstr\u00f6m (f. S\u00f6derstr\u00f6m) 2007 BARN Christoffer Carl-Gustaf 2008 Emilia Cecilia 2010 <strong>STUD. FR. <\/strong>Gymnasiet svenska lyceum 2004 \u2013 fil.kand. 2008, fil.mag. 2011, fil.dr 2014 (teoretiskt filosofi)<strong> DISS. <\/strong>Sanningslikhet f\u00f6r multidimensionella och kvantitativa kognitiva problem. <strong>HUVUDSYSSLA <\/strong>vd Tankar &amp; Tryfflar Ab 2015\u2013 <strong>TIDIGARE HUVUDSYSSLOR <\/strong>doktorand, Helsingfors universitet 2011\u20132014<strong> BISYSSLOR<\/strong> assistent, Helsingfors universitet 2010\u20132011<strong> F\u00d6RTROENDEUPPDR. <\/strong>ordf\u00f6rande f\u00f6r \u00c4mnesf\u00f6rening rf 2007, kurator f\u00f6r Metafysiska avdelningen 2008\u20132010, <strong>PRISER <\/strong>Kungliga Vetenskapsakademiens stipendium 2010, Hedersmedlem av Filosofiska organisationen 2016<strong> STUDIERESOR <\/strong>Uppsala universitet, Sverige 2009, University of Cambridge, England 2011\u20132013 <strong>PUBL. <\/strong>Filosofiska fantasier 2016, 5 vetenskapliga artiklar i filosofi, 4 tidskriftsartiklar.<\/p>\n","protected":false},"excerpt":{"rendered":"<p>Anm\u00e4lningen har st\u00e4ngts. Ut\u00f6ver denna sida l\u00f6nar det sig att bli bekant med \u00e5tminstone f\u00f6ljande sidor innan du anm\u00e4ler dig: Vad \u00e4r promotion? Kl\u00e4dsel och etikett Kostnader Evenemangsprinciper Vem kan delta? Vem kan delta I Helsingfors universitets filosofiska fakultetens promotion 2022 kan delta alla personer som har avlagt sina magister-, provisors- eller doktorsexamina vid humanistiska, [&hellip;]<\/p>\n","protected":false},"author":6,"featured_media":0,"parent":0,"menu_order":0,"comment_status":"closed","ping_status":"closed","template":"","meta":{"footnotes":""},"class_list":["post-538","page","type-page","status-publish","hentry"],"_links":{"self":[{"href":"https:\/\/fil-promootio.helsinki.fi\/2022\/wp-json\/wp\/v2\/pages\/538","targetHints":{"allow":["GET"]}}],"collection":[{"href":"https:\/\/fil-promootio.helsinki.fi\/2022\/wp-json\/wp\/v2\/pages"}],"about":[{"href":"https:\/\/fil-promootio.helsinki.fi\/2022\/wp-json\/wp\/v2\/types\/page"}],"author":[{"embeddable":true,"href":"https:\/\/fil-promootio.helsinki.fi\/2022\/wp-json\/wp\/v2\/users\/6"}],"replies":[{"embeddable":true,"href":"https:\/\/fil-promootio.helsinki.fi\/2022\/wp-json\/wp\/v2\/comments?post=538"}],"version-history":[{"count":17,"href":"https:\/\/fil-promootio.helsinki.fi\/2022\/wp-json\/wp\/v2\/pages\/538\/revisions"}],"predecessor-version":[{"id":1267,"href":"https:\/\/fil-promootio.helsinki.fi\/2022\/wp-json\/wp\/v2\/pages\/538\/revisions\/1267"}],"wp:attachment":[{"href":"https:\/\/fil-promootio.helsinki.fi\/2022\/wp-json\/wp\/v2\/media?parent=538"}],"curies":[{"name":"wp","href":"https:\/\/api.w.org\/{rel}","templated":true}]}}