{"id":475,"date":"2021-01-15T19:57:30","date_gmt":"2021-01-15T17:57:30","guid":{"rendered":"https:\/\/fil-promootio.helsinki.fi\/?page_id=475"},"modified":"2022-03-03T14:23:54","modified_gmt":"2022-03-03T12:23:54","slug":"arvomerkit","status":"publish","type":"page","link":"https:\/\/fil-promootio.helsinki.fi\/2022\/arvomerkit\/","title":{"rendered":"Arvomerkit"},"content":{"rendered":"\n<p>Promootioon kuuluu olennaisena osana maistereiden ja tohtoreiden akateemiset arvomerkit. Maisteripromovendien merkkin\u00e4 toimii maisterinsormus ja tohtoreilla tohtorinhattu sek\u00e4 \u2011miekka. Jokaisen promovendin tulee huolehtia itse n\u00e4iden hankkimisesta. Tohtoripromovendi ei voi osallistua promootioaktiin ilman tohtorinhattua ja \u2011miekkaa eik\u00e4 maisteripromovendi ilman sormusta. Niit\u00e4 ei kuitenkaan v\u00e4ltt\u00e4m\u00e4tt\u00e4 tarvitse ostaa, vaan ne voi halutessaan my\u00f6s lainata. Ainoastaan promootiossa l\u00e4sn\u00e4- tai poissaolevana promovoiduilla maistereilla ja tohtoreilla on oikeus k\u00e4ytt\u00e4\u00e4 kyseisi\u00e4 akateemisia arvomerkkej\u00e4.<\/p>\n\n\n\n<p>Lista arvomerkkej\u00e4 myyvist\u00e4 yrityksist\u00e4 l\u00f6ytyy tarjoukset ja yhteisty\u00f6kumppanit -sivuilta. Arvomerkit on syyt\u00e4 tilata hyviss\u00e4 ajoin ennen promootiota.<\/p>\n\n\n\n<p><strong>Maisterinsormus<\/strong><\/p>\n\n\n\n<p>Maisterinsormus juontaa juurensa 1800-luvulle. Kultaista maisterinsormusta k\u00e4ytet\u00e4\u00e4n vasemman k\u00e4den etusormessa. Aktissa sormusta pidet\u00e4\u00e4n valkoisten hansikkaiden p\u00e4\u00e4ll\u00e4 ja aktin j\u00e4lkeisiss\u00e4 tilaisuuksissa hansikkaiden alla. Aktia edelt\u00e4viss\u00e4 tilaisuuksissa sormusta ei k\u00e4ytet\u00e4. Muut sormukset (lukuun ottamatta vihkisormusta) tulee j\u00e4tt\u00e4\u00e4 pois, jotta maisterinsormus saa ansaitsemansa huomion.<\/p>\n\n\n\n<p>Maisterinsormuksen voi halutessaan korvata yksinkertaisella kultaisella tai kullanv\u00e4risell\u00e4 sormuksella, jossa ei ole kive\u00e4 tai muuta koristetta. Sormuksen ei my\u00f6sk\u00e4\u00e4n tarvitse mahtua sormen \u201djuureen\u201d asti, vaan sit\u00e4 voi k\u00e4ytt\u00e4\u00e4 rystysen kohdalla, jolloin sormusta ei tarvitse mitoittaa hansikkaan mukaan.<\/p>\n\n\n\n<p><strong>Tohtorinhattu<\/strong><\/p>\n\n\n\n<p>Helsingin yliopiston filosofisen tiedekunnan tohtorinhatun v\u00e4ri on musta. Hattua koristaa tiedekunnan kultainen tunnus. Tohtoripromovendi ei voi sellaisenaan k\u00e4ytt\u00e4\u00e4 muiden yliopistojen tai tiedekuntien hattuja promootiossa, vaan niihin on vaihdettava promootiota varten filosofisen tiedekunnan tunnus. T\u00e4ll\u00f6inkin hatun on oltava musta.<\/p>\n\n\n\n<p>Tohtoripromovendit ja riemutohtorit k\u00e4ytt\u00e4v\u00e4t hattua promootioaktissa sek\u00e4 sen j\u00e4lkeen promootiop\u00e4iv\u00e4llisill\u00e4 ja tanssiaisissa. Hattua ei k\u00e4ytet\u00e4 seppeleensitojais- ja miekanhiojaisp\u00e4iv\u00e4n\u00e4 eik\u00e4 retkell\u00e4. Kirkossa jumalanpalveluksen aikana tohtorinhattua ei pidet\u00e4 p\u00e4\u00e4ss\u00e4. Sen sijaan promootiop\u00e4iv\u00e4llisill\u00e4 ja tanssiaisissa tohtorinhattua ei riisuta edes sy\u00f6dess\u00e4. Yleiss\u00e4\u00e4nt\u00f6 hattua k\u00e4ytt\u00e4ville on, ett\u00e4 se on p\u00e4\u00e4ss\u00e4 aina silloin kun promoottorillakin.<\/p>\n\n\n\n<p>Aiemmin promovoidut, promootioon vieraana osallistuvat tohtorit voivat ottaa tohtorinhattunsa mukaan promootioaktiin sek\u00e4 promootiop\u00e4iv\u00e4llisille ja tanssiaisiin, mutta miekka ei kuulu heid\u00e4n juhla-asuunsa. Aktissa hattu tuodaan juhlasaliin vasemmalla k\u00e4sivarrella ja asetetaan p\u00e4\u00e4h\u00e4n, kun promoottori asettaa oman hattunsa p\u00e4\u00e4h\u00e4n. My\u00f6s ulkomaiset tohtorinhatut ovat sallittuja. Miekanhiojat, jotka ovat tohtoreita, eiv\u00e4t kuitenkaan k\u00e4yt\u00e4 tohtorinhattua aktissa, eiv\u00e4tk\u00e4 seppeleensitojat k\u00e4yt\u00e4 tohtorinhattua koko promootiossa.<\/p>\n\n\n\n<p><strong>Tohtorinmiekka<\/strong><\/p>\n\n\n\n<p>Suomessa tohtorinmiekkana k\u00e4ytet\u00e4\u00e4n valtion ainoaa virallista siviilimiekkaa, jonka on suunnitellut Akseli Gallen-Kallela. Promootiossa voi k\u00e4ytt\u00e4\u00e4 my\u00f6s lainamiekkaa, jollaisen voi varata yliopistolta ilmoittautumislomakkeen t\u00e4ytt\u00e4misen yhteydess\u00e4. Lainamiekaksi kelpaavat my\u00f6s muiden tiedekuntien sek\u00e4 suomalaisten yliopistojen ja korkeakoulujen tohtorinmiekat, jotka ovat virallisia siviilimiekkoja. Tohtorinmiekkana ei saa k\u00e4ytt\u00e4\u00e4 sotilasmiekkaa eik\u00e4 ulkomaista tohtorinmiekkaa tai muuhun tarkoitukseen tehty\u00e4 miekkaa. Tohtorinmiekkaan voi halutessaan kaiverruttaa oman nimen ja aktip\u00e4iv\u00e4n (27.5.2022).<\/p>\n\n\n\n<p>Tohtoripromovendit ja riemutohtorit kantavat miekkaa promootioaktissa sek\u00e4 sen j\u00e4lkeen promootiop\u00e4iv\u00e4llisill\u00e4 ja tanssiaisissa. Miekkaa ei kanneta seppeleensitojais- ja miekanhiojaisp\u00e4iv\u00e4n\u00e4 eik\u00e4 retkell\u00e4.<\/p>\n\n\n\n<p>Tohtorinmiekka kiinnitet\u00e4\u00e4n vy\u00f6t\u00e4r\u00f6lle vasemmalle puolelle. Frakink\u00e4ytt\u00e4j\u00e4t kiinnitt\u00e4v\u00e4t miekan housujen vy\u00f6t\u00e4r\u00f6lle. Mik\u00e4li promovendi k\u00e4ytt\u00e4\u00e4 promootiossa mekkoa tai hametta ja yl\u00e4osaa, niit\u00e4 valitessa ja teett\u00e4ess\u00e4 kannattaa ottaa huomioon, ett\u00e4 miekka on painava eik\u00e4 puku kest\u00e4 miekan ripustamista vy\u00f6t\u00e4r\u00f6lle. Hyv\u00e4 vaihtoehto mekon kanssa on olan yli menev\u00e4 musta silkkinauha tai puvun alle piilotettava vy\u00f6, johon miekka kiinnitet\u00e4\u00e4n. Puvun sivusaumaan on helppo j\u00e4tt\u00e4\u00e4 aukko vy\u00f6t\u00e4 varten. Miekan voi kiinnitt\u00e4\u00e4 koristeelliseen kultaiseen tai huomaamattomampaan mustaan pidikkeeseen.<\/p>\n\n\n\n<p><strong>Muut tunnusmerkit<\/strong><\/p>\n\n\n\n<p>Promovoitavat maisterit ja riemumaisterit k\u00e4ytt\u00e4v\u00e4t aktissa, promootiop\u00e4iv\u00e4llisill\u00e4 ja tanssiaisissa lis\u00e4ksi laakeriseppelett\u00e4. Toisin kuin muita promovendien tunnusmerkkej\u00e4, seppelett\u00e4 ei tarvitse hankkia etuk\u00e4teen, vaan promovendin avec eli seppeleensitoja valmistaa sen seppeleensitojaisissa. Yksin promootioon osallistuvan seppeleen sitomisesta vastaa yleinen seppeleensitoja apulaisineen. Seppelett\u00e4 ei k\u00e4ytet\u00e4 seppeleensitojais- ja miekanhiojaisp\u00e4iv\u00e4n\u00e4 eik\u00e4 retkell\u00e4.&nbsp;<\/p>\n\n\n\n<p>Promootiotoimikunta hankkii tarvikkeet seppeleit\u00e4 varten. Seppeleiden pohjanauhat eli karkaasit valmistetaan etuk\u00e4teen, mink\u00e4 vuoksi maisteriksi promovoitavien tulee ilmoittaa p\u00e4\u00e4n ymp\u00e4rysmittansa ilmoittautumislomakkeessa. Mitassa on syyt\u00e4 ottaa huomioon tuleva kampaus, jotta seppeleest\u00e4 ei tule liian ahdasta. Seppele s\u00e4ilyy juhlap\u00e4ivien ajan tuoreena, kun sen sumuttaa vedell\u00e4 ja s\u00e4ilytt\u00e4\u00e4 kosteaan pyyhkeeseen k\u00e4\u00e4rittyn\u00e4 j\u00e4\u00e4kaapissa. Promootion j\u00e4lkeen seppeleen voi kuivattaa, ja sit\u00e4 varten voi tilata esimerkiksi morsiuskimppujen s\u00e4ilytt\u00e4miseen k\u00e4ytett\u00e4v\u00e4n kuvun.<\/p>\n","protected":false},"excerpt":{"rendered":"<p>Promootioon kuuluu olennaisena osana maistereiden ja tohtoreiden akateemiset arvomerkit. Maisteripromovendien merkkin\u00e4 toimii maisterinsormus ja tohtoreilla tohtorinhattu sek\u00e4 \u2011miekka. Jokaisen promovendin tulee huolehtia itse n\u00e4iden hankkimisesta. Tohtoripromovendi ei voi osallistua promootioaktiin ilman tohtorinhattua ja \u2011miekkaa eik\u00e4 maisteripromovendi ilman sormusta. Niit\u00e4 ei kuitenkaan v\u00e4ltt\u00e4m\u00e4tt\u00e4 tarvitse ostaa, vaan ne voi halutessaan my\u00f6s lainata. Ainoastaan promootiossa l\u00e4sn\u00e4- tai poissaolevana [&hellip;]<\/p>\n","protected":false},"author":6,"featured_media":0,"parent":0,"menu_order":0,"comment_status":"closed","ping_status":"closed","template":"","meta":{"footnotes":""},"class_list":["post-475","page","type-page","status-publish","hentry"],"_links":{"self":[{"href":"https:\/\/fil-promootio.helsinki.fi\/2022\/wp-json\/wp\/v2\/pages\/475","targetHints":{"allow":["GET"]}}],"collection":[{"href":"https:\/\/fil-promootio.helsinki.fi\/2022\/wp-json\/wp\/v2\/pages"}],"about":[{"href":"https:\/\/fil-promootio.helsinki.fi\/2022\/wp-json\/wp\/v2\/types\/page"}],"author":[{"embeddable":true,"href":"https:\/\/fil-promootio.helsinki.fi\/2022\/wp-json\/wp\/v2\/users\/6"}],"replies":[{"embeddable":true,"href":"https:\/\/fil-promootio.helsinki.fi\/2022\/wp-json\/wp\/v2\/comments?post=475"}],"version-history":[{"count":5,"href":"https:\/\/fil-promootio.helsinki.fi\/2022\/wp-json\/wp\/v2\/pages\/475\/revisions"}],"predecessor-version":[{"id":1115,"href":"https:\/\/fil-promootio.helsinki.fi\/2022\/wp-json\/wp\/v2\/pages\/475\/revisions\/1115"}],"wp:attachment":[{"href":"https:\/\/fil-promootio.helsinki.fi\/2022\/wp-json\/wp\/v2\/media?parent=475"}],"curies":[{"name":"wp","href":"https:\/\/api.w.org\/{rel}","templated":true}]}}