{"id":466,"date":"2021-01-15T19:30:36","date_gmt":"2021-01-15T17:30:36","guid":{"rendered":"https:\/\/fil-promootio.helsinki.fi\/?page_id=466"},"modified":"2022-04-27T17:25:17","modified_gmt":"2022-04-27T14:25:17","slug":"ohjelma","status":"publish","type":"page","link":"https:\/\/fil-promootio.helsinki.fi\/2022\/ohjelma\/","title":{"rendered":"Ohjelma"},"content":{"rendered":"\n<p>Promootion juhlallisuudet j\u00e4rjestet\u00e4\u00e4n <strong>13.5. ja 26.\u201328.5.2022.<\/strong> Juhlallisuuksien lis\u00e4ksi j\u00e4rjestet\u00e4\u00e4n t\u00e4ydent\u00e4vi\u00e4 tapahtumia, kuten harjoituksia. Tarkempaa tietoa eri osatapahtumista l\u00f6yd\u00e4t <a href=\"https:\/\/fil-promo-22.it.helsinki.fi\/2022\/osatapahtumat\/\" data-type=\"page\" data-id=\"460\">t\u00e4\u00e4lt\u00e4<\/a>.<\/p>\n\n\n\n<p>Promootion ohjelma tarkentuu esimerkiksi tapahtumapaikkojen, kellonaikojen ja esteett\u00f6myystietojen osalta syksyn ja vuodenvaihteen aikana.<\/p>\n\n\n\n<h4 class=\"wp-block-heading\"><strong>Ennen promootiota<\/strong><\/h4>\n\n\n\n<p>Ennen promootiota j\u00e4rjestet\u00e4\u00e4n yleinen infotilaisuus osallistujille, tanssiharjoituksia sek\u00e4 tanssiaisten kenraaliharjoitukset. Tanssiharjoitukset ovat pakollisia niille maisteripromovendeille ja heid\u00e4n aveceilleen, jotka haluavat osallistua tanssiaisissa maisterifranseesiin. N\u00e4iden lis\u00e4ksi muille j\u00e4rjestet\u00e4\u00e4n yleisi\u00e4 tanssiharjoituksia, jotka ovat osallistujille vapaaehtoisia. Infotilaisuus ja tanssiharjoitukset j\u00e4rjestet\u00e4\u00e4n huhtikuussa, tarkemmat ajankohdat ilmoitetaan alkuvuoden aikana.<\/p>\n\n\n\n<h4 class=\"wp-block-heading\"><strong>Perjantai 13.5.<\/strong><\/h4>\n\n\n\n<p><strong>Floran p\u00e4iv\u00e4<\/strong><\/p>\n\n\n\n<p>Floran p\u00e4iv\u00e4n juhlallisuudet j\u00e4rjestet\u00e4\u00e4n aamup\u00e4iv\u00e4ll\u00e4 Kumpulan kampuksen l\u00e4heisyydess\u00e4, mist\u00e4 siirryt\u00e4\u00e4n lounaalle Ravintola Pjazzaan. Huomaathan, ett\u00e4 Floran p\u00e4iv\u00e4n lounas ei kuulu promootion hintaan.<\/p>\n\n\n\n<h4 class=\"wp-block-heading\"><strong>Sunnuntai 22.5.<\/strong><\/h4>\n\n\n\n<p><strong>Esiseppeleensitojaiset<\/strong><\/p>\n\n\n\n<p>Esiseppeleensitojaiset on tarkoitettu ilman seppeleensitojaa promootioon osallistuville maisteripromovendeille. Ne j\u00e4rjestet\u00e4\u00e4n promootiota edelt\u00e4v\u00e4n\u00e4 sunnuntaina iltap\u00e4iv\u00e4ll\u00e4.<\/p>\n\n\n\n<h4 class=\"wp-block-heading\"><strong>Torstai 26.5.<\/strong><\/h4>\n\n\n\n<p><strong>Aktiharjoitukset ja seppeleensitojaiset<\/strong><\/p>\n\n\n\n<p>Aktiharjoitukset ja seppeleensitojaiset j\u00e4rjestet\u00e4\u00e4n samanaikaisesti iltap\u00e4iv\u00e4ll\u00e4. Aktiharjoitukset ovat pakolliset kaikille promovendeille. Seppeleensitojaisiin osallistuvat maisteripromovendien avecit seppeleensitojat.<\/p>\n\n\n\n<p><strong>Seppeleensitojais- ja miekanhiojaisp\u00e4iv\u00e4lliset<\/strong><\/p>\n\n\n\n<p>Aktiharjoituksista promovendit siirtyv\u00e4t rehtorin vastaanoton kautta aveceineen illaksi seppeleensitojais- tai miekanhiojaisp\u00e4iv\u00e4llisille.<\/p>\n\n\n\n<h4 class=\"wp-block-heading\"><strong>Perjantai 27.5.<\/strong><\/h4>\n\n\n\n<p><strong>Promootioakti<\/strong><\/p>\n\n\n\n<p>Promootioakti j\u00e4rjestet\u00e4\u00e4n perjantaina aamup\u00e4iv\u00e4ll\u00e4. Akti on pitk\u00e4 tilaisuus, jossa tulee seist\u00e4 pitki\u00e4 aikoja, joten omasta jaksamisesta on hyv\u00e4 huolehtia nauttimalla esimerkiksi tukeva aamupala ennen aktiin saapumista.<\/p>\n\n\n\n<p><strong>Laudatio Solemnis<\/strong><\/p>\n\n\n\n<p>Aktista siirryt\u00e4\u00e4n suoraan kulkueena joko tunnustuksettomaan Laakerijuhlaan Ritarihuoneelle tai ekumeeniseen jumalanpalvelukseen Tuomikirkkoon. <strong>HUOM! Ritarihuoneella ei saa k\u00e4ytt\u00e4\u00e4 piikkikorkoja!<\/strong><\/p>\n\n\n\n<p><strong>Promootiop\u00e4iv\u00e4lliset<\/strong><\/p>\n\n\n\n<p>Aktip\u00e4iv\u00e4n huipentavat promootiop\u00e4iv\u00e4lliset j\u00e4rjestet\u00e4\u00e4n illalla.<\/p>\n\n\n\n<h4 class=\"wp-block-heading\"><strong>Lauantai 28.5.<\/strong><\/h4>\n\n\n\n<p><strong>Promootioretki<\/strong><\/p>\n\n\n\n<p>Promootioretkelle l\u00e4hdet\u00e4\u00e4n lauantaina aamup\u00e4iv\u00e4ll\u00e4. Retki p\u00e4\u00e4ttyy lounaaseen, josta osallistujat p\u00e4\u00e4sev\u00e4t iltap\u00e4iv\u00e4ksi valmistautumaan illan tanssiaisiin.<\/p>\n\n\n\n<p><strong>Tanssiaiset<\/strong><\/p>\n\n\n\n<p>Promootion juhlalliset tanssiaiset j\u00e4rjestet\u00e4\u00e4n lauantai-iltana, ja juhlat jatkuvat aina y\u00f6kulkueeseen asti.<\/p>\n\n\n\n<p><strong>Y\u00f6kulkue<\/strong><\/p>\n\n\n\n<p>Tanssiaisten j\u00e4lkeen j\u00e4rjestet\u00e4\u00e4n y\u00f6kulkue, joka p\u00e4\u00e4ttyy Senaatintorille auringon noustessa.<\/p>\n\n\n\n<p><strong>Jatkot<\/strong><\/p>\n\n\n\n<p>Y\u00f6kulkueesta on mahdollista siirty\u00e4 viel\u00e4 sunnuntaiaamuksi jatkoille juhlimaan kev\u00e4tt\u00e4, promootiota ja el\u00e4m\u00e4\u00e4.<\/p>\n","protected":false},"excerpt":{"rendered":"<p>Promootion juhlallisuudet j\u00e4rjestet\u00e4\u00e4n 13.5. ja 26.\u201328.5.2022. Juhlallisuuksien lis\u00e4ksi j\u00e4rjestet\u00e4\u00e4n t\u00e4ydent\u00e4vi\u00e4 tapahtumia, kuten harjoituksia. Tarkempaa tietoa eri osatapahtumista l\u00f6yd\u00e4t t\u00e4\u00e4lt\u00e4. Promootion ohjelma tarkentuu esimerkiksi tapahtumapaikkojen, kellonaikojen ja esteett\u00f6myystietojen osalta syksyn ja vuodenvaihteen aikana. Ennen promootiota Ennen promootiota j\u00e4rjestet\u00e4\u00e4n yleinen infotilaisuus osallistujille, tanssiharjoituksia sek\u00e4 tanssiaisten kenraaliharjoitukset. Tanssiharjoitukset ovat pakollisia niille maisteripromovendeille ja heid\u00e4n aveceilleen, jotka haluavat osallistua [&hellip;]<\/p>\n","protected":false},"author":6,"featured_media":0,"parent":0,"menu_order":0,"comment_status":"closed","ping_status":"closed","template":"","meta":{"footnotes":""},"class_list":["post-466","page","type-page","status-publish","hentry"],"_links":{"self":[{"href":"https:\/\/fil-promootio.helsinki.fi\/2022\/wp-json\/wp\/v2\/pages\/466","targetHints":{"allow":["GET"]}}],"collection":[{"href":"https:\/\/fil-promootio.helsinki.fi\/2022\/wp-json\/wp\/v2\/pages"}],"about":[{"href":"https:\/\/fil-promootio.helsinki.fi\/2022\/wp-json\/wp\/v2\/types\/page"}],"author":[{"embeddable":true,"href":"https:\/\/fil-promootio.helsinki.fi\/2022\/wp-json\/wp\/v2\/users\/6"}],"replies":[{"embeddable":true,"href":"https:\/\/fil-promootio.helsinki.fi\/2022\/wp-json\/wp\/v2\/comments?post=466"}],"version-history":[{"count":11,"href":"https:\/\/fil-promootio.helsinki.fi\/2022\/wp-json\/wp\/v2\/pages\/466\/revisions"}],"predecessor-version":[{"id":1289,"href":"https:\/\/fil-promootio.helsinki.fi\/2022\/wp-json\/wp\/v2\/pages\/466\/revisions\/1289"}],"wp:attachment":[{"href":"https:\/\/fil-promootio.helsinki.fi\/2022\/wp-json\/wp\/v2\/media?parent=466"}],"curies":[{"name":"wp","href":"https:\/\/api.w.org\/{rel}","templated":true}]}}