{"id":451,"date":"2021-01-15T19:21:13","date_gmt":"2021-01-15T17:21:13","guid":{"rendered":"https:\/\/fil-promootio.helsinki.fi\/?page_id=451"},"modified":"2021-11-07T17:45:25","modified_gmt":"2021-11-07T15:45:25","slug":"ketka-voivat-osallistua","status":"publish","type":"page","link":"https:\/\/fil-promootio.helsinki.fi\/2022\/ketka-voivat-osallistua\/","title":{"rendered":"Ketk\u00e4 voivat osallistua?"},"content":{"rendered":"\n<p>Filosofisen tiedekunnan promootio on historiallisesta filosofisesta tiedekunnasta l\u00e4ht\u00f6isin olevista Helsingin yliopiston tiedekunnista valmistuneiden maistereiden ja tohtoreiden juhla. T\u00e4st\u00e4 syyst\u00e4 my\u00f6s osallistumisoikeus siihen on sidottu valmistumiseen kyseisist\u00e4 tiedekunnista.<\/p>\n\n\n\n<p>Promootioon voivat osallistua maisteripromovendina kaikki Helsingin yliopiston&nbsp;<\/p>\n\n\n\n<ul class=\"wp-block-list\"><li><strong>humanistisessa, matemaattis-luonnontieteellisess\u00e4, bio- ja ymp\u00e4rist\u00f6tieteellisess\u00e4, kasvatus- tai k\u00e4ytt\u00e4ytymistieteellisess\u00e4 tai farmasian tiedekunnassa <\/strong>maisterin tutkinnon (FM, MMM (biot.), KM, PsM) tehneet<\/li><li>ennen vuoden 1994 tutkintoasetusta sit\u00e4 vastanneen kandidaatin tutkinnon (FK, FaK, KK, PsK) suorittaneet sek\u00e4 <strong>k\u00e4ytt\u00e4ytymistieteellisess\u00e4 tiedekunnassa aloittaneet,<\/strong> mutta l\u00e4\u00e4ketieteellisest\u00e4 tiedekunnasta valmistuneet maisterit (KM, PsM)<\/li><li><strong>Ison py\u00f6r\u00e4n j\u00e4lkeiset<\/strong> (eli 30 opintopisteen pro gradu -tutkielman tehneet) proviisorit (prov.)<\/li><\/ul>\n\n\n\n<p>Tohtoripromovendina&nbsp;<\/p>\n\n\n\n<ul class=\"wp-block-list\"><li>kaikki mainituissa tiedekunnissa tohtorin tutkinnon (FT, FaT, MMT (biot.), KT tai PsT) suorittaneet.&nbsp;<\/li><\/ul>\n\n\n\n<p>L\u00e4\u00e4ketieteellisest\u00e4 tiedekunnasta valmistuneet tohtorit (FT tai PsT) osallistuvat kuitenkin l\u00e4\u00e4ketieteellisen tiedekunnan promootioon.<\/p>\n\n\n\n<p>Promootioon promovendina osallistuvan tutkinnon tulee olla hyv\u00e4ksytty viimeist\u00e4\u00e4n <strong>31.7.2021<\/strong>.<\/p>\n\n\n\n<p>Promovendit osallistuvat promootioon usein avecin kanssa. Avec voi olla esimerkiksi yst\u00e4v\u00e4, kumppani tai perheenj\u00e4sen. Maisterin avecia kutsutaan seppeleensitojaksi. Seppeleensitojat nimityksens\u00e4 mukaisesti valmistavat promovendien laakeriseppeleet seppeleensitojaisissa. Tohtorin avecia kutsutaan miekanhiojaksi, mutta nimityksest\u00e4 huolimatta muut kuin primustohtorin avec eiv\u00e4t joudu hiomisteht\u00e4viin. Avec osallistuu seppeleensitojaisten tai miekanhiojaisten lis\u00e4ksi my\u00f6s kaikkiin muihin juhlallisuuksiin. Promootioon voi osallistua my\u00f6s yksin. T\u00e4ll\u00f6in yleinen seppeleensitoja apulaisineen vastaa maisteripromovendin seppeleen valmistamisesta.<\/p>\n\n\n\n<p>Promootioon osallistumisen laajuuden voi valita kahdesta vaihtoehdosta: voi osallistua joko kaikkiin tilaisuuksiin tai pelk\u00e4st\u00e4\u00e4n aktiin ja aktiharjoituksiin. Floran p\u00e4iv\u00e4\u00e4 juhlitaan ennen varsinaisia promootiojuhlallisuuksia, ja p\u00e4iv\u00e4\u00e4n voivat osallistua my\u00f6s ne, jotka eiv\u00e4t osallistu muuten kuin aktiin ja aktiharjoitukseen.<\/p>\n","protected":false},"excerpt":{"rendered":"<p>Filosofisen tiedekunnan promootio on historiallisesta filosofisesta tiedekunnasta l\u00e4ht\u00f6isin olevista Helsingin yliopiston tiedekunnista valmistuneiden maistereiden ja tohtoreiden juhla. T\u00e4st\u00e4 syyst\u00e4 my\u00f6s osallistumisoikeus siihen on sidottu valmistumiseen kyseisist\u00e4 tiedekunnista. Promootioon voivat osallistua maisteripromovendina kaikki Helsingin yliopiston&nbsp; humanistisessa, matemaattis-luonnontieteellisess\u00e4, bio- ja ymp\u00e4rist\u00f6tieteellisess\u00e4, kasvatus- tai k\u00e4ytt\u00e4ytymistieteellisess\u00e4 tai farmasian tiedekunnassa maisterin tutkinnon (FM, MMM (biot.), KM, PsM) tehneet ennen vuoden [&hellip;]<\/p>\n","protected":false},"author":6,"featured_media":0,"parent":0,"menu_order":0,"comment_status":"closed","ping_status":"closed","template":"","meta":{"footnotes":""},"class_list":["post-451","page","type-page","status-publish","hentry"],"_links":{"self":[{"href":"https:\/\/fil-promootio.helsinki.fi\/2022\/wp-json\/wp\/v2\/pages\/451","targetHints":{"allow":["GET"]}}],"collection":[{"href":"https:\/\/fil-promootio.helsinki.fi\/2022\/wp-json\/wp\/v2\/pages"}],"about":[{"href":"https:\/\/fil-promootio.helsinki.fi\/2022\/wp-json\/wp\/v2\/types\/page"}],"author":[{"embeddable":true,"href":"https:\/\/fil-promootio.helsinki.fi\/2022\/wp-json\/wp\/v2\/users\/6"}],"replies":[{"embeddable":true,"href":"https:\/\/fil-promootio.helsinki.fi\/2022\/wp-json\/wp\/v2\/comments?post=451"}],"version-history":[{"count":7,"href":"https:\/\/fil-promootio.helsinki.fi\/2022\/wp-json\/wp\/v2\/pages\/451\/revisions"}],"predecessor-version":[{"id":975,"href":"https:\/\/fil-promootio.helsinki.fi\/2022\/wp-json\/wp\/v2\/pages\/451\/revisions\/975"}],"wp:attachment":[{"href":"https:\/\/fil-promootio.helsinki.fi\/2022\/wp-json\/wp\/v2\/media?parent=451"}],"curies":[{"name":"wp","href":"https:\/\/api.w.org\/{rel}","templated":true}]}}