{"id":1330,"date":"2022-05-26T10:43:22","date_gmt":"2022-05-26T07:43:22","guid":{"rendered":"https:\/\/fil-promootio.helsinki.fi\/?page_id=1330"},"modified":"2022-05-26T10:43:22","modified_gmt":"2022-05-26T07:43:22","slug":"sponsorerna","status":"publish","type":"page","link":"https:\/\/fil-promootio.helsinki.fi\/2022\/sv\/sponsorerna\/","title":{"rendered":"Sponsorerna"},"content":{"rendered":"\n<h3 class=\"wp-block-heading\" id=\"block-006ec773-672c-4922-8eb6-fc33994eb413\">Vantaan kukkatalo<\/h3>\n\n\n\n<h3 class=\"wp-block-heading\" id=\"block-62deb45e-c714-4073-85bf-febf72fd1ad5\">Niilo Helanderin s\u00e4\u00e4ti\u00f6<\/h3>\n\n\n\n<figure class=\"wp-block-image\" id=\"block-aca15305-ad28-43cc-8b35-6432cd0e6969\"><img decoding=\"async\" src=\"https:\/\/fil-promo-22.it.helsinki.fi\/2022\/wp-content\/uploads\/sites\/3\/2022\/05\/Niilo-Helander-logo.jpg\" alt=\"T\u00e4m\u00e4n kuvan alt-attribuutti on tyhj\u00e4; Tiedoston nimi on Niilo-Helander-logo.jpg\"\/><\/figure>\n\n\n\n<h3 class=\"wp-block-heading\" id=\"block-fd3d054e-9c65-454b-beca-4a07143e2da1\">Ella ja Georg Ehrnrooths stiftelse<\/h3>\n\n\n\n<figure class=\"wp-block-image\" id=\"block-bf4b9471-37e9-42e7-8e10-7ae33d95b93d\"><img decoding=\"async\" src=\"https:\/\/fil-promo-22.it.helsinki.fi\/2022\/wp-content\/uploads\/sites\/3\/2022\/05\/Ehrnrooth-logo.jpg\" alt=\"T\u00e4m\u00e4n kuvan alt-attribuutti on tyhj\u00e4; Tiedoston nimi on Ehrnrooth-logo.jpg\"\/><\/figure>\n","protected":false},"excerpt":{"rendered":"<p>Vantaan kukkatalo Niilo Helanderin s\u00e4\u00e4ti\u00f6 Ella ja Georg Ehrnrooths stiftelse<\/p>\n","protected":false},"author":11,"featured_media":0,"parent":0,"menu_order":0,"comment_status":"closed","ping_status":"closed","template":"","meta":{"footnotes":""},"class_list":["post-1330","page","type-page","status-publish","hentry"],"_links":{"self":[{"href":"https:\/\/fil-promootio.helsinki.fi\/2022\/wp-json\/wp\/v2\/pages\/1330","targetHints":{"allow":["GET"]}}],"collection":[{"href":"https:\/\/fil-promootio.helsinki.fi\/2022\/wp-json\/wp\/v2\/pages"}],"about":[{"href":"https:\/\/fil-promootio.helsinki.fi\/2022\/wp-json\/wp\/v2\/types\/page"}],"author":[{"embeddable":true,"href":"https:\/\/fil-promootio.helsinki.fi\/2022\/wp-json\/wp\/v2\/users\/11"}],"replies":[{"embeddable":true,"href":"https:\/\/fil-promootio.helsinki.fi\/2022\/wp-json\/wp\/v2\/comments?post=1330"}],"version-history":[{"count":1,"href":"https:\/\/fil-promootio.helsinki.fi\/2022\/wp-json\/wp\/v2\/pages\/1330\/revisions"}],"predecessor-version":[{"id":1331,"href":"https:\/\/fil-promootio.helsinki.fi\/2022\/wp-json\/wp\/v2\/pages\/1330\/revisions\/1331"}],"wp:attachment":[{"href":"https:\/\/fil-promootio.helsinki.fi\/2022\/wp-json\/wp\/v2\/media?parent=1330"}],"curies":[{"name":"wp","href":"https:\/\/api.w.org\/{rel}","templated":true}]}}