{"id":1008,"date":"2021-11-08T16:03:06","date_gmt":"2021-11-08T14:03:06","guid":{"rendered":"https:\/\/fil-promootio.helsinki.fi\/?page_id=1008"},"modified":"2022-01-20T22:33:04","modified_gmt":"2022-01-20T20:33:04","slug":"kladerbjudanden","status":"publish","type":"page","link":"https:\/\/fil-promootio.helsinki.fi\/2022\/sv\/kladerbjudanden\/","title":{"rendered":"Kl\u00e4derbjudanden"},"content":{"rendered":"\n<div class=\"wp-block-group alignfull\"><div class=\"wp-block-group__inner-container is-layout-flow wp-block-group-is-layout-flow\">\n<div class=\"wp-block-media-text alignwide is-stacked-on-mobile is-style-tw-shadow\" id=\"seremonia\"><figure class=\"wp-block-media-text__media\"><img decoding=\"async\" src=\"https:\/\/fil-promo-22.it.helsinki.fi\/2022\/wp-content\/uploads\/sites\/3\/2021\/11\/LOGO2019-1600x921.png\" alt=\"\" class=\"wp-image-1004 size-full\"\/><\/figure><div class=\"wp-block-media-text__content\">\n<h3 class=\"has-h-4-font-size wp-block-heading\">Seremonia<\/h3>\n\n\n\n<p>Seremonia erbjuder promovender ett frackpaket att hyra f\u00f6r priset 149 \u20ac. I paketet ing\u00e5r rock, byxor, skjorta, svart och vit v\u00e4st, rosett, axelband, \u00e4rmar, n\u00e4sduk och lackskor. Kod <strong>FILPROMO22<\/strong><\/p>\n\n\n\n<p>Seremonia erbjuder 20 % rabatt p\u00e5 festkl\u00e4nningar i f\u00e4rg b\u00e5de p\u00e5 p\u00e5 k\u00f6pta och hyrda kl\u00e4nningar. Kod <strong>FILPROMO22<\/strong><\/p>\n\n\n\n<p><a href=\"https:\/\/fil-promo-22.it.helsinki.fi\/2022\/sv\/hatterbjudanden\/#harvesteb\" data-type=\"URL\" data-id=\"https:\/\/fil-promo-22.it.helsinki.fi\/2022\/sv\/hatterbjudanden\/#harvesteb\">Doktorshattar Harvest EB<\/a> huvudm\u00e4tningar ocks\u00e5 i Seremonia.<\/p>\n\n\n\n<p>Kontaktuppgifter: <a href=\"https:\/\/www.seremonia.fi\/\">www.seremonia.fi<\/a>. Tidsbokning tel. 09-177224.<\/p>\n<\/div><\/div>\n<\/div><\/div>\n\n\n\n<div class=\"wp-block-media-text alignwide is-stacked-on-mobile is-style-tw-shadow\"><figure class=\"wp-block-media-text__media\"><img decoding=\"async\" src=\"https:\/\/fil-promo-22.it.helsinki.fi\/2022\/wp-content\/uploads\/sites\/3\/2021\/11\/Frakkipalvelu-NAM-2-1600x394.png\" alt=\"\" class=\"wp-image-1032 size-full\"\/><\/figure><div class=\"wp-block-media-text__content\">\n<h2 class=\"has-h-4-font-size wp-block-heading\">Frakkipalvelu NAM<\/h2>\n\n\n\n<p>Fr\u00e5n Frakkipalvelu NAM kan du hyra ett frackpaket till erbjudandet 119\u20ac (inkl. svart v\u00e4st, lack- och svartaskor. Norm. med skor 159\u20ac och utan skor 139\u20ac). Hyran f\u00f6r ett frackpaket utan skor kostar 110\u20ac.&nbsp;<\/p>\n\n\n\n<p>Kom ih\u00e5g att n\u00e4mna filosofiska fakultetens promotion (<em>filosofisen tiedekunnan promootio) <\/em>d\u00e5 du best\u00e4ller provtid.<\/p>\n\n\n\n<p><a href=\"http:\/\/www.frakkipalvelunam.fi\/\">www.frakkipalvelunam.fi\/<\/a><\/p>\n<\/div><\/div>\n","protected":false},"excerpt":{"rendered":"<p>Seremonia Seremonia erbjuder promovender ett frackpaket att hyra f\u00f6r priset 149 \u20ac. I paketet ing\u00e5r rock, byxor, skjorta, svart och vit v\u00e4st, rosett, axelband, \u00e4rmar, n\u00e4sduk och lackskor. Kod FILPROMO22 Seremonia erbjuder 20 % rabatt p\u00e5 festkl\u00e4nningar i f\u00e4rg b\u00e5de p\u00e5 p\u00e5 k\u00f6pta och hyrda kl\u00e4nningar. Kod FILPROMO22 Doktorshattar Harvest EB huvudm\u00e4tningar ocks\u00e5 i Seremonia. [&hellip;]<\/p>\n","protected":false},"author":7,"featured_media":0,"parent":0,"menu_order":0,"comment_status":"closed","ping_status":"closed","template":"","meta":{"footnotes":""},"class_list":["post-1008","page","type-page","status-publish","hentry"],"_links":{"self":[{"href":"https:\/\/fil-promootio.helsinki.fi\/2022\/wp-json\/wp\/v2\/pages\/1008","targetHints":{"allow":["GET"]}}],"collection":[{"href":"https:\/\/fil-promootio.helsinki.fi\/2022\/wp-json\/wp\/v2\/pages"}],"about":[{"href":"https:\/\/fil-promootio.helsinki.fi\/2022\/wp-json\/wp\/v2\/types\/page"}],"author":[{"embeddable":true,"href":"https:\/\/fil-promootio.helsinki.fi\/2022\/wp-json\/wp\/v2\/users\/7"}],"replies":[{"embeddable":true,"href":"https:\/\/fil-promootio.helsinki.fi\/2022\/wp-json\/wp\/v2\/comments?post=1008"}],"version-history":[{"count":7,"href":"https:\/\/fil-promootio.helsinki.fi\/2022\/wp-json\/wp\/v2\/pages\/1008\/revisions"}],"predecessor-version":[{"id":1074,"href":"https:\/\/fil-promootio.helsinki.fi\/2022\/wp-json\/wp\/v2\/pages\/1008\/revisions\/1074"}],"wp:attachment":[{"href":"https:\/\/fil-promootio.helsinki.fi\/2022\/wp-json\/wp\/v2\/media?parent=1008"}],"curies":[{"name":"wp","href":"https:\/\/api.w.org\/{rel}","templated":true}]}}